est common factor of 1125620 and 480?
20
Calculate the highest common divisor of 1218126 and 194.
194
Calculate the greatest common factor of 284394159 and 108.
27
What is the highest common divisor of 2318 and 12853880?
38
Calculate the greatest common factor of 21050 and 1521073.
421
What is the highest common divisor of 3070 and 29170?
10
What is the greatest common divisor of 1278470 and 25126?
1478
Calculate the greatest common divisor of 3601803 and 604.
151
What is the highest common divisor of 26379 and 74061?
27
Calculate the highest common factor of 32639 and 339497.
257
What is the highest common factor of 9588 and 5799142?
1598
Calculate the greatest common factor of 39 and 1078466584.
13
Calculate the greatest common divisor of 97730 and 3033.
337
What is the greatest common divisor of 3394971 and 1107?
9
Calculate the highest common divisor of 2931 and 10735276.
977
Calculate the greatest common divisor of 33 and 35612698.
11
Calculate the greatest common divisor of 27417 and 1103415443.
9139
What is the greatest common divisor of 281877 and 177837?
51
What is the highest common factor of 42520796 and 9220?
1844
What is the highest common divisor of 24 and 506123336?
8
Calculate the highest common divisor of 256 and 2189030.
2
Calculate the greatest common factor of 3052 and 8443358.
1526
What is the highest common divisor of 920 and 79799420?
460
What is the greatest common divisor of 340275 and 124800?
975
Calculate the greatest common factor of 50486431 and 1929.
643
Calculate the highest common factor of 4461621 and 116.
29
Calculate the greatest common divisor of 9800367 and 2732.
683
Calculate the greatest common divisor of 41601 and 13850586.
849
What is the highest common divisor of 432 and 3050048?
16
Calculate the highest common divisor of 571891 and 169223.
197
Calculate the highest common divisor of 460 and 109281165.
115
Calculate the highest common factor of 4893 and 182891253.
699
What is the highest common factor of 68774 and 93623?
251
What is the greatest common divisor of 616 and 826210?
154
Calculate the highest common factor of 340 and 5322445.
85
Calculate the highest common factor of 16034396 and 7.
7
Calculate the highest common divisor of 15831 and 229948793.
1759
Calculate the highest common factor of 10591 and 35721.
7
Calculate the greatest common factor of 14320031 and 33.
11
Calculate the highest common divisor of 1192354 and 5853655.
3089
Calculate the greatest common factor of 157176 and 807192.
2664
What is the highest common factor of 29 and 26582531?
29
What is the highest common factor of 12708 and 8982085?
353
Calculate the greatest common factor of 11067681 and 1212.
303
What is the greatest common factor of 3023605 and 38915?
905
What is the greatest common divisor of 4314860 and 3410?
110
Calculate the greatest common divisor of 3 and 82685106.
3
Calculate the highest common factor of 340332 and 52944.
12
Calculate the highest common divisor of 2256 and 57237.
3
Calculate the highest common divisor of 78264472 and 34632.
3848
What is the greatest common divisor of 1853 and 262616?
17
Calculate the greatest common divisor of 33592 and 16323944.
1768
Calculate the highest common factor of 185260 and 95980.
20
Calculate the highest common factor of 106113 and 1269444.
489
What is the highest common divisor of 8346217 and 299?
23
Calculate the highest common factor of 3835 and 112069025.
295
Calculate the highest common divisor of 2691492 and 372.
12
What is the greatest common factor of 402883 and 10829?
221
Calculate the highest common divisor of 77 and 994821982.
77
Calculate the greatest common factor of 3777644 and 12844.
52
What is the greatest common divisor of 460204 and 52?
4
Calculate the greatest common factor of 3392 and 19692521.
53
Calculate the greatest common divisor of 9996 and 23154460.
196
What is the greatest common divisor of 2705679 and 1152?
9
Calculate the highest common factor of 77511901 and 6690.
223
What is the highest common factor of 14617824 and 884?
884
What is the highest common factor of 2967569 and 2893?
11
Calculate the greatest common factor of 110 and 1143440.
10
Calculate the highest common divisor of 1890 and 2165520.
210
What is the greatest common factor of 95238 and 111501?
117
What is the highest common divisor of 12 and 1682940?
12
What is the highest common factor of 158 and 587159126?
158
What is the greatest common divisor of 98745 and 915?
15
What is the greatest common factor of 208 and 39866?
2
What is the greatest common divisor of 279 and 223224552?
279
What is the highest common divisor of 328 and 53889580?
164
What is the greatest common divisor of 70 and 2667670?
10
Calculate the highest common factor of 15369738 and 2046.
186
What is the greatest common divisor of 108 and 71987589?
27
Calculate the greatest common divisor of 32496 and 204492.
12
Calculate the highest common divisor of 2 and 923209.
1
What is the greatest common factor of 194422 and 976538?
82
What is the greatest common factor of 6284900 and 17000?
1700
What is the greatest common factor of 35 and 13767985?
35
What is the greatest common divisor of 20358 and 302354?
754
What is the greatest common factor of 17840266 and 1446?
482
What is the greatest common divisor of 55692 and 2352420?
252
Calculate the highest common divisor of 1350 and 189250.
50
What is the greatest common factor of 226407 and 87531?
489
What is the greatest common divisor of 360 and 22237960?
40
What is the highest common divisor of 3109175838 and 18?
18
What is the greatest common factor of 3049031 and 507799?
2237
Calculate the greatest common factor of 1108 and 14705099.
277
Calculate the highest common divisor of 1103028 and 2652.
204
Calculate the highest common factor of 99405634 and 106.
106
What is the greatest common factor of 174 and 1125234?
6
Calculate the highest common divisor of 11528 and 138748126.
2882
What is the greatest common divisor of 762009106 and 86?
86
What is the greatest common factor of 2354170 and 8?
2
Calculate the greatest common divisor of 207 and 144082971.
207
What is the highest common factor of 472 and 186840728?
472
What is the highest common factor of 468 and 17832552?
12
What is the greatest common factor of 2262 and 3469947?
39
Calculate the greatest common factor of 18299 and 31018067.
631
Calculate the greatest common divisor of 8192 and 134912.
256
Calculate the greatest common factor of 5 and 122163590.
5
What is the highest common divisor of 716341 and 53546?
653
What is the highest common factor of 338862408 and 24?
24
What is the greatest common divisor of 541 and 1108561?
1
Calculate the highest common factor of 3446322 and 871662.
3102
What is the greatest common divisor of 296 and 62654468?
148
What is the highest common divisor of 57645 and 236628?
189
What is the greatest common divisor of 4792 and 27369508?
2396
What is the highest common factor of 252 and 10133088?
84
Calculate the highest common factor of 73845513 and 81.
81
Calculate the greatest common factor of 8202164 and 172.
172
What is the highest common divisor of 6570 and 57510?
90
Calculate the greatest common divisor of 2691052 and 11674.
26
What is the greatest common factor of 9144612 and 163380?
4668
Calculate the greatest common factor of 362 and 59248178.
362
Calculate the highest common divisor of 18516 and 12604767.
4629
What is the greatest common factor of 11500 and 5934?
46
Calculate the greatest common divisor of 65776 and 241744.
16
Calculate the highest common divisor of 58 and 12407882.
58
Calculate the greatest common divisor of 89451630 and 18.
18
Calculate the greatest common factor of 2307638 and 903.
43
What is the highest common factor of 20656268 and 62612?
5692
What is the greatest common factor of 34846 and 49077?
133
What is the greatest common divisor of 318759 and 278607?
21
Calculate the greatest common factor of 4200 and 180744900.
2100
Calculate the greatest common factor of 10 and 92276460.
10
What is the highest common divisor of 14693940 and 270?
270
What is the greatest common divisor of 6881 and 2079?
7
Calculate the greatest common factor of 612 and 472634544.
204
Calculate the greatest common factor of 76 and 156586676.
76
Calculate the highest